2*w - 3*p + 3 = 2*w. Suppose x - w*v + 8*v = 19, 5*v - 22 = 2*x. What is b(x)?
-6
Let j be ((-1 - -1) + 12)/2. Suppose 2*u - 4*u = -j. Let a be (u/(-9))/((-2)/(-12)). Let n(d) = -2*d**3 - d**2 + 2*d - 1. Determine n(a).
7
Let z(q) = 3*q**3 + q**2 + 8*q - 10. Let k(l) = 5*l**3 + l**2 + 12*l - 15. Let c(d) = 5*k(d) - 8*z(d). Suppose 323 = -5*g + 343. What is c(g)?
5
Let t(k) = -35*k**2 - k**3 + 34*k**2 + 5 + 1. Let h be (1 - 0)/(2/10). Suppose -g + 3*g - 5*m = 25, h*g + 15 = -3*m. Determine t(g).
6
Let j(k) be the first derivative of k**4/4 - 8*k**3/3 + 7*k**2/2 + 6*k - 4. Let r = 18 + -11. Give j(r).
6
Let f(x) = -x**3 - 5*x**2 - 6*x - 4. Let d be f(-3). Let r(p) = p**2 + 3*p - 4. Determine r(d).
0
Let b(v) be the second derivative of v**4/12 - 2*v**3/3 + 3*v**2/2 + v. Let x be (1/(-2))/((-5)/30). Let r be (x/6)/((-1)/(-4)). What is b(r)?
-1
Let o(i) = -2*i**3 + 4*i**3 + i - i**3 + 3 - i**2 - 2*i. Let l(f) = -2*f**3 + 2*f**2 + 2*f - 7. Let g be -1*2*(-26)/(-4). Let t(x) = g*o(x) - 6*l(x). Give t(0).
3
Let f(s) be the second derivative of -s**8/6720 - s**7/420 - 7*s**6/720 - s**5/30 + s**4/12 - 3*s. Let a(x) be the third derivative of f(x). Determine a(-4).
-8
Let d(v) = 0*v**2 + v**3 + 2*v - 4*v**2 - 18 + 20. What is d(3)?
-1
Suppose 0 = -5*v, 10 = 4*y - 5*v + 2. Suppose 0 = -y*g - 2. Let c be g/3 - 8/(-6). Let h(b) = -8*b**2. What is h(c)?
-8
Suppose -1 = -2*l + 5. Let u be (l - 0) + (-2)/(-2). Let j(g) = 2*g - 4. Determine j(u).
4
Let r(m) = -m - 1. Let i(j) = -j - 1. Let x(t) = -4*t - 7. Let w(l) = 3*i(l) - x(l). Let d be w(-2). Give r(d).
-3
Suppose 6*l = -16 - 14. Let b(a) = -a**2 - 9*a - 7. Give b(l).
13
Let o(k) = 11*k + 6 - 5*k**2 - 11*k + k**3 - 2*k + 0*k**2. What is o(4)?
-18
Suppose -21 + 1 = -4*z. Let c = 0 + 0. Let u(h) = -2 - h + 3*h + c*h. Calculate u(z).
8
Let a(h) = -h + h**2 + 0*h - 2*h - 6. Let p = -14 + 19. Determine a(p).
4
Let s(k) = -2*k - 22. Let p be s(-11). Let n(d) = d**2 + 4. Calculate n(p).
4
Let i(b) = b**2 + 5*b - 1. Let g be (-10)/20*(9 - 1). Determine i(g).
-5
Let v(h) = h**2 + 6*h + 2. Let x = -25 - -20. Give v(x).
-3
Let q(r) = r - 1. Let s be q(2). Suppose b + 2 + s = 0. Let t(i) = -i**3 - 3*i**2 + i - 2. Give t(b).
-5
Suppose -1 = -4*h + 3. Let f(y) = -2*y**2 - 2*y - 1. Let s(b) = 8*b**2 + 8*b + 5. Let p = -4 - -2. Let v(l) = p*s(l) - 9*f(l). Calculate v(h).
3
Let w be 0*-4*(-2)/16. Let k be (7 - 3/(-3)) + -3. Suppose k*j - 9 - 1 = w. Let h(m) = m**3 + m**2 + 1. Give h(j).
13
Let v(q) = -q**3 + 8*q**2 - 6*q - 3. Suppose -32 + 8 = -3*o. Let b be v(o). Let i be 3/4 - b/12. Let u(t) = t - 2. Calculate u(i).
3
Let n be 1*4/4*-12. Let g be n/3 - (2 + -1). Let y(z) = -z - 9. Calculate y(g).
-4
Let i be (-1)/(-4) + (-14)/(-8). Let f(m) = -4*m**3 + 1 + 3*m**2 - 2*m + 2*m**i - 3*m**2. Let u be (2 - 3)/(-2)*12/6. Give f(u).
-3
Suppose 3*o - 8 = -26. Let j(q) = 7*q**2 - q + 6. Let s(v) = -v**2 + v - 1. Let p(f) = -j(f) - 6*s(f). Determine p(o).
-6
Let t(r) = -5*r + 8. Let h(z) be the first derivative of -z**2/2 + z + 5. Let l(k) = 6*h(k) - t(k). What is l(-4)?
2
Let j(f) = 5*f - 10*f - 5*f. Calculate j(-1).
10
Let x be 3/(-1) + 6/2. Let p = 3 - x. Let z(r) = -7*r**2 + 2. Let m(k) = -4*k**2 + 1. Let t(s) = 5*m(s) - 3*z(s). Calculate t(p).
8
Let f be (-1)/(4/24*-2). Suppose 3*j - j = -f*z, 0 = j + z. Let n(d) = d + 15. Give n(j).
15
Let z = -26 + 28. Let f(a) = -3*a + 0*a**3 + 1 + a**3 + 0. Calculate f(z).
3
Suppose -22 = 3*t - 5*q, 0 = 3*t + 2*q + 2*q + 4. Let m = -3 + 2. Let y = t - m. Let k(b) = b**3 + 3*b**2 - 2*b - 4. Calculate k(y).
2
Let u(s) = -s + 1. Let g be u(-1). Let r(z) be the third derivative of z**5/30 + z**4/12 - z**3/2 + 2*z**2. Give r(g).
9
Let d(f) = -f**3 - 6*f**2 + f + 8. Let i be d(-6). Let l(u) = 2*u**2 + u - 2. Let n(v) = v**2 + v - 2. Let r(g) = -2*l(g) + 3*n(g). What is r(i)?
-4
Let n be (-1)/(3/(-5))*3. Let q(m) = 12 - 2*m - n - m + m. What is q(6)?
-5
Let w(j) = j**2 + 6*j + 5. Let c(a) = 2*a + 2. Let r be c(1). Suppose -4*h - 5*m - 5 = 0, -m - 14 = h - r*m. Calculate w(h).
0
Let t = 20 + -17. Let b(a) = -a. Calculate b(t).
-3
Let x(f) be the third derivative of -f**4/24 - 2*f**3/3 + 2*f**2. Calculate x(3).
-7
Let f(j) = 5*j + 1. Let q(g) = -g. Let a(y) = -f(y) - 4*q(y). Let p be (-2)/12 + (-124)/(-24). Give a(p).
-6
Suppose -2*b + 4 = 0, -3*o + 26 = 5*b - 23. Suppose -2*u = 5*x + o, -2*x - 2*u + u - 5 = 0. Let n(p) = -p + 4. What is n(x)?
7
Let l = 119 - 119. Let h(x) = x - 3. Determine h(l).
-3
Let u(n) = n**3 + 6*n**2 + 6*n. Let o be u(-5). Let p(g) = g + 3. Let f be p(o). Let h(x) = -7 + 2 + 3 + x. Give h(f).
-4
Suppose 4 = -4*u + 5*f, f - 3*f = 0. Let p be (-6 - -6) + 2 + u. Let x(o) = 7*o**2. Determine x(p).
7
Let o = -28 + 33. Let b(y) = y + 4. Give b(o).
9
Let y be 5/(-15) + 26/6. Let v(i) = -4*i**3 + 2*i**2 - i + 6. Let c = 0 - -5. Let z(g) = -3*g**3 + g**2 - 2*g + 5. Let w(l) = c*z(l) - 4*v(l). Calculate w(y).
-7
Let s(w) be the second derivative of w**4/12 - w**3 + w**2/2 - 2*w. Suppose 0 = 2*f - 6*f - 5*z + 3, 3*z + 9 = 3*f. Suppose 5 = -d + f*d. What is s(d)?
-4
Let k(s) = s**2 - 3. Let x(i) = -i**3 + 2*i**2 + 4*i + 1. Let z be x(3). Suppose z = v - 0. Suppose -2*n - 8 = -0*n - 2*d, 0 = n - v*d + 7. Give k(n).
6
Let v(d) = -10*d - 4. Let u(h) = -2*h - 1. Let g(f) = 11*u(f) - 2*v(f). Suppose -4*r + 3*r - 5*n = 13, -5*r - 11 = -2*n. Calculate g(r).
3
Suppose 0 = -4*v + 2*v + 14. Let g(j) = 8 - 5 - 2 - v*j. Determine g(1).
-6
Let t(o) be the second derivative of -o**5/20 - 5*o**4/12 - 3*o**2 - o. Give t(-5).
-6
Suppose -5 = 13*r - 44. Let b(v) = -v**3 + 2*v**2 + 4*v. Calculate b(r).
3
Let u be (-3)/(-30) - 10/(-25). Let y(k) be the third derivative of 0*k + 1/12*k**5 - 1/6*k**4 + 0 + u*k**3 - 1/120*k**6 - k**2. Calculate y(3).
9
Let j(h) = 6 + 5*h**2 - 6*h**3 + 0*h**3 + 5*h**3. What is j(5)?
6
Let f(c) = -c - 4. Let u(q) = -q**3 + 4*q**2 + 4*q + 5. Let k be u(5). What is f(k)?
-4
Let j(o) = o - 1. Let t(l) = -l + 2. Let w(s) = -5*j(s) - 2*t(s). Let q be 1/(-1) - (-2 + 0). Give w(q).
-2
Let r(a) be the third derivative of a**4/12 - 3*a**3/2 + 7*a**2. What is r(6)?
3
Let a = 53 - 50. Let b = 0 - 0. Let n(y) = y + 2*y + b*y + a - 4*y - y**2. Determine n(0).
3
Let h be 4/(-6) + (-14)/6. Let n be -2*((-6)/(-4))/h. Suppose y - n + 4 = 0. Let j(d) = -3*d - 4. Determine j(y).
5
Let x(w) = -2*w + 7. Let m be x(9). Suppose f + 0*f + 8 = 0. Let i = f - m. Let o(y) = y + 1. Calculate o(i).
4
Let p be 13/(0 + 1 + -2). Let s = 6 + p. Let w(x) = -x**2 - 7*x - 5. Let l be w(s). Let k(f) = -f - 6. Calculate k(l).
-1
Let m(a) = -a - 4. Let b be -1 + (-2 - -2) + 5. Suppose -y = b*y. Determine m(y).
-4
Let q(h) = -h**2 - 7*h + 6. Let l be (-14)/4*(10 + -8). Give q(l).
6
Let z(u) = 20*u + 9. Let c(s) = -7*s - 3. Let d(p) = 17*c(p) + 6*z(p). What is d(0)?
3
Suppose -3*h + 5 = 2*h. Let u(m) = 9*m + 8*m**2 - 17*m + 1 + 7*m. Calculate u(h).
8
Let h(s) = s**3 + s**2 + s + 1. Let v be h(0). Let y(z) = -3*z**2 - v + 5*z**2 + 9*z**3 - 3*z**2 - z. What is y(-1)?
-10
Let f(w) = w + 1. Let y(s) = -2*s**2 - 6*s + 14*s - s**2. Let l(m) = 4*m**2 - 9*m + 1. Let p(z) = 2*l(z) + 3*y(z). Let o be p(7). Calculate f(o).
-4
Let a(z) = -z**3 + 3*z**2 - 4*z + 3. Let y(g) = 6*g**3 - g - 1. Let i be y(-1). Let j = i + -3. Let x be j/(-6) - 1/(-2). Determine a(x).
-1
Let k(s) be the first derivative of -s**3/3 - 4*s**2 + 3*s - 2. Let z be k(-9). Let g = z + 8. Let j(d) = d**2 - d - 2. Determine j(g).
0
Let l be 104/18 - 2/36*-4. Let f(n) = n**3 - 5*n**2 - 8*n + 6. Determine f(l).
-6
Let p(j) be the third derivative of 1/2*j**3 + 0 - j**2 + 0*j + 1/24*j**4. Suppose -2*k + 4 - 12 = 0, -4*l - 3*k = 0. Calculate p(l).
6
Let n(i) = i. Let w(r) = 2*r + 7. Let x(s) = -3*n(s) + w(s). Let p be 32/5 + 4/(-10). Suppose -b = -p*b. Calculate x(b).
7
Let y(q) = -2*q**3 - q**2 + 2*q - 1. Suppose -5*m + o - 2 = 7, 0 = -5*o - 5. Let d(t) = -t + 11. Let l be d(8). Let x be 1 - (-1 + l + m). What is y(x)?
-2
Let u(f) = f + 18. Let l be u(-15). Let j(t) = -3 + 4*t - l*t + 0*t. Suppose 4*o + o - 25 = 0. Give j(o).
2
Let r(w) be the third derivative of w**4/8 - 5*w**3/3 + 15*w**2. Calculate r(7).
11
Suppose -2*q = 8, -3*r - 5*q + 50 = -10*q. Let i(d) = -11*d**2 + 5*d**2 - 3*d**3 - r + 4 + 2*d**3 - 7*d. Determine i(-5).
4
Suppose -8*o - 5*c = -4*